t p(r) = -3*r**3 - r**2 + 1. Let l(u) = 2*d(u) + p(u). Let z = 3 - 5. Let g be l(z). Calculate the greatest common divisor of 133 and g.
19
Suppose -9 + 4 = -o. What is the greatest common divisor of 5 and o?
5
Let w = -23 - -45. What is the greatest common divisor of 88 and w?
22
Let g be (-1)/4 - (-382)/(-8). Let i = -24 - g. Let y(a) = 7*a**2 + 1. Let k be y(-1). What is the highest common divisor of k and i?
8
Let s = -17 + 29. Calculate the greatest common factor of 30 and s.
6
Suppose 5*a = 5*c - 750, 4*c + 456 = -3*a + 5*c. Let v be a/(-12) - 2/(-8). Let y = 45 - -46. What is the highest common divisor of v and y?
13
Let o be (7/(-4))/7*0. Suppose 5*l - 55 - 320 = o. Calculate the greatest common divisor of l and 30.
15
Suppose -9 = -4*v - 5. Suppose -o + 1 = -v. What is the greatest common factor of o and 8?
2
Let j be (7/((-28)/40))/(-2). Suppose j*z - 4*z - 8 = 0. What is the highest common factor of 8 and z?
8
Let d be 17 + 3 + 0 - (-1 - -3). Calculate the greatest common factor of d and 6.
6
Suppose 0*q = q - 23. Let b = -16 + q. Calculate the greatest common divisor of 1 and b.
1
Let a(y) = 4*y**2 + 2*y. Let k be a(2). Calculate the highest common factor of 220 and k.
20
Let z be (288/28)/((-4)/(-56)). Calculate the greatest common divisor of z and 18.
18
Let i = 3 - -1. Suppose -i*y = -232 + 32. What is the greatest common factor of 10 and y?
10
Let p(s) = 50*s - 1 + 0 + 16*s. Suppose -3*v + 3 = -0*v. Let z be p(v). Calculate the highest common factor of 26 and z.
13
Let u be 93/6 - (-6)/12. What is the greatest common factor of u and 80?
16
Let h = 4 - 4. Suppose -3*y + y = h. Suppose 2*u + 18 - 108 = y. Calculate the highest common factor of 9 and u.
9
Let f be -1 + 1*(31 + 4 + 4). Calculate the highest common factor of f and 76.
38
Let c(d) = -d**3 - 13*d**2 - 16*d - 13. Let n be c(-12). What is the highest common factor of n and 280?
35
Let q be -8*3/(-6) + 106. What is the highest common factor of 10 and q?
10
Let n(r) = r**3 - 5*r**2 + 5*r + 7. Let w be n(5). Calculate the highest common divisor of w and 8.
8
Suppose 2*j = f - 9 + 64, -4*j - 5*f = -131. Suppose 5 - j = -3*o. Let t be 8/(-12) - (-26)/3. Calculate the greatest common divisor of o and t.
8
Let m(f) = f + 2. Let z = 5 + -2. Let t be m(z). Suppose t*w - 54 = -4. What is the highest common factor of 10 and w?
10
Let j be (-81)/(-15) + 4/(-10). Let x be (-3)/j + (-206)/(-10). What is the highest common factor of x and 180?
20
Let z = -1 - -15. Suppose 5*k + 4*c = -0*k + 782, -610 = -4*k + 2*c. What is the highest common divisor of z and k?
14
Suppose -225 - 350 = -5*n. What is the greatest common factor of 23 and n?
23
Let j be ((-1)/(-1))/(-2)*-8. Let i be 15/6 - (-2)/j. Let h be (1 + 0)*54/2. Calculate the highest common factor of i and h.
3
Let d = -115 - -236. What is the greatest common factor of d and 11?
11
Let w be (-4)/14 + 410/(-35). Let g = -24 - w. Let p be (g/(-10))/((-6)/(-20)). Calculate the greatest common divisor of 8 and p.
4
Suppose 0 = -4*f - 5*t + 488, f - 3*t = 2*t + 97. Calculate the highest common divisor of f and 13.
13
Let z(r) = r**3 + 9*r**2 + 8*r - 8. Let h be z(-8). Let y be h/(-3) + (-5)/(-15). What is the highest common divisor of 18 and y?
3
Let o be -3 + (-2 - -4) + 109. What is the highest common factor of 12 and o?
12
Let n be 2/4*(67 + 1). Suppose 0*r = 2*r - n. Calculate the greatest common factor of 85 and r.
17
Suppose 2*z - 159 - 31 = 0. Suppose 2*m + 4*d - 68 = 0, z = 3*m + 3*d - 4. Calculate the greatest common factor of m and 80.
16
Let c(r) = -r - 9. Let z = 7 + -14. Let m be c(z). Let o be m/(-1) + 81 + -2. What is the greatest common factor of 9 and o?
9
Let i(l) = -l**2 - 4*l + 5. Let o be ((-2)/(-4))/((-3)/30). Let f be i(o). Suppose -a + f*a = -6. Calculate the highest common factor of a and 30.
6
Suppose 4*n = 78 + 82. Calculate the highest common factor of 120 and n.
40
Suppose -321 = -5*n - 41. Suppose 2*i + n = 2*x - i, -i = -4*x + 92. What is the greatest common factor of 11 and x?
11
Let t be 1/(-1) + 46*1. Let q be 1*1/((-3)/9). Let p be (0 + 9)/(q/(-10)). What is the highest common factor of p and t?
15
Let p be (-150)/1*(-2)/3. Suppose -5*n = -3*n - p. Calculate the highest common divisor of n and 10.
10
Let a(o) = o - 5. Let i be a(0). Let x(u) = u**3 + 7*u**2 + 8*u + 6. Let q be x(i). What is the greatest common factor of 144 and q?
16
Suppose 0 = -2*o + j + 6, 3*o = 2*j + 18 - 11. Calculate the greatest common divisor of 1 and o.
1
Suppose -2*u + o + 297 - 97 = 0, -4*u + 386 = 5*o. Calculate the highest common factor of u and 9.
9
Suppose -7*t + 12 = -3*t. Let l be 3 - (3 + -5 + t). Calculate the highest common divisor of 22 and l.
2
Suppose -11*j + 32 = -3*j. What is the greatest common divisor of j and 44?
4
Let g(m) = -18*m + 6. Let k be g(-3). Let l = -22 + 28. Calculate the greatest common divisor of k and l.
6
Let k(p) = 8*p. Let u be k(5). Let s(w) = 2*w + 6. Let q be s(-5). Let a = 1 - q. What is the highest common factor of a and u?
5
Let q(i) = i**3 + 10*i**2 + 8*i + 11. Let y be q(-9). Let l(p) = -2*p - 7. Let g be l(-6). Suppose a - g = -0*a. What is the greatest common divisor of a and y?
5
Suppose 4*p = p - 15. Let m = -2 - p. Suppose 1 = 2*b - 1, -m*h - 2*b = -44. What is the greatest common factor of h and 2?
2
Let v = 17 - -55. Suppose 0 = -3*g + g + v. Suppose 2*m = 3*m - 2*a - 24, 2*m - a - 48 = 0. What is the greatest common divisor of g and m?
12
Suppose 0 = -4*l - 3*l + 686. Calculate the highest common divisor of l and 28.
14
Let h = 93 - 39. What is the highest common divisor of h and 18?
18
Let o be -4*(-1 - 0/(-1)). Suppose o*m + 18 = 6*m. Suppose 0 = -4*i - 39 + 327. Calculate the greatest common factor of i and m.
9
Let b(s) = -21*s - 4. Let l be b(-3). Let c = -33 + l. Calculate the highest common factor of c and 39.
13
Let w be 3/(3 - (2 - 0)). What is the highest common divisor of 27 and w?
3
Let q(z) = z**3 + 5*z**2 - 9*z - 9. Suppose -5*p + 7*p = -12. Let j be q(p). What is the greatest common divisor of 72 and j?
9
Let c(o) = 10*o - 20. Let v be c(11). What is the highest common divisor of v and 18?
18
Suppose -6*d = 35 - 143. What is the highest common factor of d and 2?
2
Let s be (-15)/(-6) + (-3)/(-2). Let g be s/(-10) - (-402)/5. What is the highest common factor of 10 and g?
10
Let b be (4*67)/1 - -2. Suppose -n = -4*n + b. Suppose -u + 4 = -3*z, -4*u - 19 + 65 = 3*z. What is the highest common factor of n and u?
10
Let g = 266 + -30. Calculate the highest common factor of 59 and g.
59
Suppose 5*a + 17 = 6*a. Let q(j) = 2*j - 13. Let c be q(7). Suppose -35 + c = -g. Calculate the greatest common divisor of g and a.
17
Let u(c) = -3*c + 9. Let m be u(-12). What is the greatest common factor of 30 and m?
15
Let l(d) = d**2 - 5*d + 2. Let q(t) = 2*t - 13. Let i be q(9). Let k be l(i). What is the highest common factor of 1 and k?
1
Let y(z) = z**3 + 8*z**2 + 6*z + 6. Let r be y(-7). Calculate the highest common factor of 13 and r.
13
Let b(x) = 2*x - 20. Let p be b(9). Let d be 0/p + 19*2. Calculate the greatest common factor of 95 and d.
19
Let m(v) = 3 - 3 - 2*v**3 + v**2 - 7*v - 4 + 0. Let r be m(-3). What is the highest common factor of r and 10?
10
Let b(x) = -2*x + 1. Let h be b(-4). Let y be 66/h + 4/6. Calculate the highest common factor of 32 and y.
8
Let r = -23 - -45. Calculate the highest common factor of 198 and r.
22
Let l(v) = -v**3 - 8*v**2 + 7*v - 4. Let z be l(-9). What is the greatest common divisor of 14 and z?
14
Suppose 2*a = -2*x + 8, -3*x - a + 12 = -3*a. Let u(f) = -f**3 - 17*f**2 + 14*f - 68. Let r be u(-18). What is the greatest common divisor of x and r?
4
Let v(z) = -4*z - 3. Let m be v(-4). Calculate the highest common divisor of 26 and m.
13
Let h = -29 - -22. Let a(j) = -j**2 - 10*j + 14. Let o be a(h). Let t = 12 - 7. Calculate the greatest common divisor of o and t.
5
Suppose g - 14 = -g - k, 8 = g + k. Let f = 52 - 34. Calculate the highest common divisor of f and g.
6
Let z be ((-6)/(-24) - (-134)/8) + -3. What is the highest common factor of z and 14?
14
Suppose 81 = h - 4*h + w, 0 = 5*h + 3*w + 121. Let c be 4/6 - 0 - 345/(-9). Let g = h + c. What is the greatest common divisor of 13 and g?
13
Suppose -3*w = 4 + 8. Let t = w